{"id":9833,"date":"2020-01-22T10:52:23","date_gmt":"2020-01-22T09:52:23","guid":{"rendered":"https:\/\/www.myriamsermonne.com\/blog\/?page_id=9833"},"modified":"2020-01-22T10:52:24","modified_gmt":"2020-01-22T09:52:24","slug":"politique-de-confidentialite","status":"publish","type":"page","link":"https:\/\/www.myriamphotographie.com\/blog\/politique-de-confidentialite\/","title":{"rendered":"POLITIQUE DE CONFIDENTIALIT\u00c9"},"content":{"rendered":"\n<h1 class=\"wp-block-heading\">POLITIQUE DE CONFIDENTIALIT\u00c9<\/h1>\n\n\n\n<p>La pr\u00e9sente politique de confidentialit\u00e9 d\u00e9finit et vous informe de la mani\u00e8re dont Myriam Sermonne Schnoering utilise et prot\u00e8ge les informations que vous nous transmettez, le cas \u00e9ch\u00e9ant, lorsque vous utilisez le pr\u00e9sent site accessible \u00e0 partir de l\u2019URL suivante : maphotoboudoir.com (ci-apr\u00e8s le \u00ab Site \u00bb).<br>Veuillez noter que cette politique de confidentialit\u00e9 est susceptible d\u2019\u00eatre modifi\u00e9e ou compl\u00e9t\u00e9e \u00e0 tout moment par Myriam Sermonne Schnoering, notamment en vue de se conformer \u00e0 toute \u00e9volution l\u00e9gislative, r\u00e9glementaire, jurisprudentielle ou technologique. Dans un tel cas, la date de sa mise \u00e0 jour sera clairement identifi\u00e9e en t\u00eate de la pr\u00e9sente politique. Ces modifications engagent l\u2019Utilisateur d\u00e8s leur mise en ligne. Il convient par cons\u00e9quent que l\u2019Utilisateur consulte r\u00e9guli\u00e8rement la pr\u00e9sente politique de confidentialit\u00e9 et d\u2019utilisation des cookies afin de prendre connaissance de ses \u00e9ventuelles modifications.<\/p>\n\n\n\n<h2 class=\"wp-block-heading\">I. DONN\u00c9ES PERSONNELLES<\/h2>\n\n\n\n<p>D\u2019une mani\u00e8re g\u00e9n\u00e9rale, il vous est possible de visiter le Site maphotoboudoir.com sans communiquer aucune information personnelle vous concernant. N\u00e9anmoins, en cas de refus, il se peut que vous ne puissiez pas b\u00e9n\u00e9ficier de certaines informations ou services que vous avez demand\u00e9. A ce titre en effet, maphotoboudoir.com peut \u00eatre amen\u00e9 dans certains cas \u00e0 vous demander de renseigner vos nom, pr\u00e9nom, num\u00e9ro de t\u00e9l\u00e9phone et e-mail (ci-apr\u00e8s vos \u00ab Informations Personnelles \u00bb). En fournissant ces informations, vous acceptez express\u00e9ment qu\u2019elles soient trait\u00e9es par maphotoboudoir.com, aux fins indiqu\u00e9es au point 3 ci-dessous.<\/p>\n\n\n\n<p>Conform\u00e9ment au R\u00e8glement G\u00e9n\u00e9ral sur la Protection des Donn\u00e9es (General Data Protection R\u00e9gulation) adopt\u00e9 par le Parlement europ\u00e9en le 14 avril 2016, et \u00e0 la Loi Informatique et Libert\u00e9s du 6 janvier 1978 modifi\u00e9e, maphotoboudoir.com vous informe des points suivants :<\/p>\n\n\n\n<h3 class=\"wp-block-heading\">1. QUI COLLECTE VOS DONN\u00c9ES ?<\/h3>\n\n\n\n<p>Le responsable du traitement est madame&nbsp;<strong>Myriam Sermonne Schnoering<\/strong>.<br><strong>Myriam Sermonne Schnoering 21 rue des Moutons 67870 Bischoffsheim<br>Siret : 53243323200016 code APE 7420Z<br>E-mail : contact@myriamsermonne.com<\/strong><\/p>\n\n\n\n<h3 class=\"wp-block-heading\">2. QUELS TYPES DE DONN\u00c9ES SONT COLLECT\u00c9ES ?<\/h3>\n\n\n\n<p><strong>Formulaire de contact:<\/strong>&nbsp;Pr\u00e9nom, Nom,&nbsp;adresse email, t\u00e9l\u00e9phone,&nbsp;message de demande.<br><strong>Statistiques<\/strong>: Donn\u00e9es anonymis\u00e9es de navigation des internautes sur les diff\u00e9rentes pages du site web maphotoboudoir.com.<\/p>\n\n\n\n<h3 class=\"wp-block-heading\">3. DANS QUEL BUT CES DONN\u00c9ES SONT-ELLES COLLECT\u00c9ES ?<\/h3>\n\n\n\n<p><strong>Formulaire&nbsp;de&nbsp;contact<\/strong>: Pour pouvoir r\u00e9pondre \u00e0 votre demande d\u2019information, Myriam Sermonne Schnoering a besoin de conna\u00eetre votre Pr\u00e9nom, Nom, adresse email, num\u00e9ro de t\u00e9l\u00e9phone et votre demande.<br><strong>Statistiques<\/strong>: Les donn\u00e9es r\u00e9colt\u00e9es \u00e0 des fins de statistiques permettent d\u2019am\u00e9liorer la qualit\u00e9 du contenu mis en ligne en fonction de l\u2019int\u00e9r\u00eat qu\u2019il suscite pour les internautes. Les statistiques permettent \u00e9galement de d\u00e9tecter un \u00e9ventuel dysfonctionnement du site.<\/p>\n\n\n\n<h3 class=\"wp-block-heading\">4. COMBIEN DE TEMPS CES DONN\u00c9ES SONT-ELLES CONSERV\u00c9ES ?<\/h3>\n\n\n\n<p>Les donn\u00e9es collect\u00e9es par le&nbsp;<strong>formulaire de contact<\/strong>&nbsp;sont conserv\u00e9es pendant maximum 1 an.<br>Les donn\u00e9es&nbsp;<strong>statistiques<\/strong>&nbsp;collect\u00e9es par Google Analytics sont conserv\u00e9es selon les r\u00e8gles de la politique de confidentialit\u00e9 de Google Analytics.<\/p>\n\n\n\n<h3 class=\"wp-block-heading\">5. \u00c0 QUI ADRESSER UNE DEMANDE DE T\u00c9L\u00c9CHARGEMENT, DE MODIFICATION OU DE SUPPRESSION DES DONN\u00c9ES PERSONNELLES VOUS CONCERNANT?&nbsp;<\/h3>\n\n\n\n<p>Pour toute demande relative \u00e0 la confidentialit\u00e9 de vos donn\u00e9es collect\u00e9es par le&nbsp;<strong>formulaire de contact<\/strong>&nbsp;sur le site&nbsp;maphotoboudoir.com, adresser votre demande par email \u00e0 Myriam Sermonne Schnoering : contact@myriamsermonne.com<\/p>\n\n\n\n<p><strong>Statistiques<\/strong>&nbsp;: compte-tenu que les donn\u00e9es collect\u00e9es par Google Analytics \u00e0 des fins de statistiques sont agr\u00e9g\u00e9es et anonymis\u00e9es, vous ne pouvez pas en demander le t\u00e9l\u00e9chargement. Cependant, Google met \u00e0 votre disposition une possibilit\u00e9 de refuser que vos donn\u00e9es personnelles soient collect\u00e9es par Google Analytics lors de votre navigation internet. Vous devrez pour cela installer un module compl\u00e9mentaire de navigateur.<\/p>\n\n\n\n<p><strong>Droit d\u2019acc\u00e8s et de communication des donn\u00e9es:<\/strong><br>Vous avez la facult\u00e9 d\u2019acc\u00e9der aux Informations Personnelles qui vous concernent. Cependant, en raison de l\u2019obligation de s\u00e9curit\u00e9 et de confidentialit\u00e9 dans le traitement des donn\u00e9es \u00e0 caract\u00e8re personnel qui incombe \u00e0 maphotoboudoir.com, vous \u00eates inform\u00e9 que votre demande sera trait\u00e9e sous r\u00e9serve que vous rapportiez la preuve de votre identit\u00e9, notamment par la production d\u2019un scan de votre titre d\u2019identit\u00e9 valide (en cas de demande par email) ou d\u2019une photocopie sign\u00e9e de votre titre d\u2019identit\u00e9 valide (en cas de demande adress\u00e9e par \u00e9crit).<br>Myriam Sermonne Schnoering vous informe qu\u2019il sera en droit, le cas \u00e9ch\u00e9ant, de s\u2019opposer aux demandes manifestement abusives (de par leur nombre, leur caract\u00e8re r\u00e9p\u00e9titif ou syst\u00e9matique).<br><\/p>\n\n\n\n<p><strong>Droit de rectification des donn\u00e9es:<\/strong><br>Au titre de ce droit, la l\u00e9gislation vous habilite \u00e0 demander la rectification, la mise \u00e0 jour, le verrouillage ou encore l\u2019effacement des donn\u00e9es vous concernant qui peuvent s\u2019av\u00e9rer le cas \u00e9ch\u00e9ant inexactes, erron\u00e9es, incompl\u00e8tes ou obsol\u00e8tes.<br>\u00c9galement, vous pouvez d\u00e9finir des directives g\u00e9n\u00e9rales et particuli\u00e8res relatives au sort des donn\u00e9es \u00e0 caract\u00e8re personnel apr\u00e8s votre d\u00e9c\u00e8s. Le cas \u00e9ch\u00e9ant, les h\u00e9ritiers d\u2019une personne d\u00e9c\u00e9d\u00e9e peuvent exiger de prendre en consid\u00e9ration le d\u00e9c\u00e8s de leur proche et\/ou de proc\u00e9der aux mises \u00e0 jour n\u00e9cessaires.<br><\/p>\n\n\n\n<p><strong>Droit d\u2019opposition:<\/strong><br>L\u2019exercice de ce droit n\u2019est possible que dans l\u2019une des deux situations suivantes :<br>Lorsque l\u2019exercice de ce droit est fond\u00e9 sur des motifs l\u00e9gitimes ; ou<br>Lorsque l\u2019exercice de ce droit vise \u00e0 faire obstacle \u00e0 ce que les donn\u00e9es recueillies soient utilis\u00e9es \u00e0 des fins de prospection commerciale.<br><\/p>\n\n\n\n<h3 class=\"wp-block-heading\">6. QUELLES SONT LES MESURES DE S\u00c9CURIT\u00c9 MISES EN PLACE?<\/h3>\n\n\n\n<p>Le site&nbsp;maphotoboudoir.com&nbsp;est mis \u00e0 jour de fa\u00e7on r\u00e9guli\u00e8re, ainsi que toutes les extensions utilis\u00e9es.<br>Le site maphotoboudoir.com&nbsp;utilise le protocole s\u00e9curis\u00e9 https.<\/p>\n\n\n\n<h2 class=\"wp-block-heading\">II. POLITIQUE RELATIVE AUX COOKIES<\/h2>\n\n\n\n<p>Lors de votre premi\u00e8re connexion sur le site web de maphotoboudoir.com, vous \u00eates avertis par un bandeau en bas de votre \u00e9cran que des informations relatives \u00e0 votre navigation sont susceptibles d\u2019\u00eatre enregistr\u00e9es dans des fichiers d\u00e9nomm\u00e9s \u00ab cookies \u00bb. Notre politique d\u2019utilisation des cookies vous permet de mieux comprendre les dispositions que nous mettons en \u0153uvre en mati\u00e8re de navigation sur notre site web.&nbsp;<\/p>\n\n\n\n<h3 class=\"wp-block-heading\">1. INFORMATIONS G\u00c9N\u00c9RALES SUR LES COOKIES PR\u00c9SENTS SUR LE SITE DE CLAUDE MASSELOT PHOTOGRAPHIE<\/h3>\n\n\n\n<p>Myriam Sermonne Schnoering, en tant qu\u2019\u00e9diteur du pr\u00e9sent site web, pourra proc\u00e9der \u00e0 l\u2019implantation d\u2019un cookie sur le disque dur de votre terminal (ordinateur, tablette, mobile etc.) afin de vous garantir une navigation fluide et optimale sur notre site Internet.<br>Les \u00ab cookies \u00bb (ou t\u00e9moins de connexion) sont des petits fichiers texte de taille limit\u00e9e qui nous permettent de reconna\u00eetre votre ordinateur, votre tablette ou votre mobile aux fins de personnaliser les services que nous vous proposons.<br>Les informations recueillies par le biais des cookies ne permettent en aucune mani\u00e8re de vous identifier nominativement. Elles sont utilis\u00e9es exclusivement pour nos besoins propres afin d\u2019am\u00e9liorer l\u2019interactivit\u00e9 et la performance de notre site web et de vous adresser des contenus adapt\u00e9s \u00e0 vos centres d\u2019int\u00e9r\u00eats. Aucune de ces informations ne fait l\u2019objet d\u2019une communication aupr\u00e8s de tiers sauf lorsque Myriam Sermonne Schnoering a obtenu au pr\u00e9alable votre consentement ou bien lorsque la divulgation de ces informations est requise par la loi, sur ordre d\u2019un tribunal ou toute autorit\u00e9 administrative ou judiciaire habilit\u00e9e \u00e0 en conna\u00eetre.<br>Pour mieux vous \u00e9clairer sur les informations que les cookies identifient, vous trouverez ci-dessous une liste des diff\u00e9rents types de cookies susceptibles d\u2019\u00eatre utilis\u00e9s sur le site web de maphotoboudoir.com, leur nom, leur finalit\u00e9 ainsi que leur dur\u00e9e de conservation.<\/p>\n\n\n\n<h3 class=\"wp-block-heading\">2. CONFIGURATION DE VOS PR\u00c9F\u00c9RENCES SUR LES COOKIES<\/h3>\n\n\n\n<p>Vous pouvez accepter ou refuser le d\u00e9p\u00f4t de cookies \u00e0 tout moment<br>Lors de votre premi\u00e8re connexion sur le site web de maphotoboudoir.com, une banni\u00e8re pr\u00e9sentant bri\u00e8vement des informations relatives au d\u00e9p\u00f4t de cookies et de technologies similaires appara\u00eet en bas de votre \u00e9cran. Cette banni\u00e8re vous avertit qu\u2019en poursuivant votre navigation sur le site web de Myriam Sermonne Schnoering (en chargeant une nouvelle page ou en cliquant sur divers \u00e9l\u00e9ments du site par exemple), vous acceptez le d\u00e9p\u00f4t de cookies sur votre terminal.&nbsp;<br>Selon le type de cookie en cause, le recueil de votre consentement au d\u00e9p\u00f4t et \u00e0 la lecture de cookies sur votre terminal peut \u00eatre imp\u00e9ratif.<\/p>\n\n\n\n<h4 class=\"wp-block-heading\"><strong>A. LES COOKIES EXEMPT\u00c9S DE CONSENTEMENT<\/strong><\/h4>\n\n\n\n<p>Conform\u00e9ment aux recommandations de la Commission Nationale de l\u2019Informatique et des Libert\u00e9s (CNIL), certains cookies sont dispens\u00e9s du recueil pr\u00e9alable de votre consentement dans la mesure o\u00f9 ils sont strictement n\u00e9cessaires au fonctionnement du site internet ou ont pour finalit\u00e9 exclusive de permettre ou faciliter la communication par voie \u00e9lectronique. Il s\u2019agit notamment des cookies d\u2019identifiant de session, d\u2019authentification, de session d\u2019\u00e9quilibrage de charge ainsi que des cookies de personnalisation de votre interface. Ces cookies sont int\u00e9gralement soumis \u00e0 la pr\u00e9sente politique dans la mesure o\u00f9 ils sont \u00e9mis et g\u00e9r\u00e9s par Myriam Sermonne Schnoering.<\/p>\n\n\n\n<h4 class=\"wp-block-heading\"><strong>B. LES COOKIES N\u00c9CESSITANT LE RECUEIL PR\u00c9ALABLE DE VOTRE CONSENTEMENT<\/strong><\/h4>\n\n\n\n<p>Cette exigence concerne les cookies \u00e9mis par des tiers et qui sont qualifi\u00e9s de \u00ab persistants \u00bb dans la mesure o\u00f9 ils demeurent dans votre terminal jusqu\u2019\u00e0 leur effacement ou leur date d\u2019expiration.<br>De tels cookies \u00e9tant \u00e9mis par des tiers, leur utilisation et leur d\u00e9p\u00f4t sont soumis \u00e0 leurs propres politiques de confidentialit\u00e9 dont vous trouverez un lien ci-dessous. Cette famille de cookie regroupe les cookies de mesure d\u2019audience (notamment Google Analytics), les cookies publicitaires (auxquels Myriam Sermonne Schnoering n\u2019a pas recours) ainsi que les cookies de partage de r\u00e9seaux sociaux (auxquels nous n\u2019avons pas recours non plus).<br>Les cookies de mesure d\u2019audience \u00e9tablissent des statistiques concernant la fr\u00e9quentation et l\u2019utilisation de divers \u00e9l\u00e9ments du site web (comme les contenus\/pages que vous avez visit\u00e9). Ces donn\u00e9es participent \u00e0 l\u2019am\u00e9lioration de l\u2019ergonomie du site web maphotoboudoir.com. Un outil de mesure d\u2019audience est utilis\u00e9 sur le pr\u00e9sent site internet :&nbsp;Google Analytics dont la politique de confidentialit\u00e9 est disponible \u00e0 partir du lien suivant :&nbsp;<a href=\"https:\/\/policies.google.com\/privacy?hl=fr\"><strong>https:\/\/policies.google.com\/privacy?hl=fr<\/strong><\/a><\/p>\n\n\n\n<h4 class=\"wp-block-heading\"><strong>C. VOUS DISPOSEZ DE DIVERS OUTILS DE PARAM\u00c9TRAGE DES COOKIES<\/strong><\/h4>\n\n\n\n<p>La plupart des navigateurs Internet sont configur\u00e9s par d\u00e9faut de fa\u00e7on \u00e0 ce que le d\u00e9p\u00f4t de cookies soit autoris\u00e9. Votre navigateur vous offre l\u2019opportunit\u00e9 de modifier ces param\u00e8tres standards de mani\u00e8re \u00e0 ce que l\u2019ensemble des cookies soit rejet\u00e9 syst\u00e9matiquement ou bien \u00e0 ce qu\u2019une partie seulement des cookies soit accept\u00e9e ou refus\u00e9e en fonction de leur \u00e9metteur.<\/p>\n\n\n\n<p>ATTENTION : Nous attirons votre attention sur le fait que le refus du d\u00e9p\u00f4t de cookies sur votre terminal est n\u00e9anmoins susceptible d\u2019alt\u00e9rer votre exp\u00e9rience d\u2019utilisateur ainsi que votre acc\u00e8s \u00e0 certains services ou fonctionnalit\u00e9s du pr\u00e9sent site web. Le cas \u00e9ch\u00e9ant, Myriam Sermonne Schnoering d\u00e9cline toute responsabilit\u00e9 concernant les cons\u00e9quences li\u00e9es \u00e0 la d\u00e9gradation de vos conditions de navigation qui interviennent en raison de votre choix de refuser, supprimer ou bloquer les cookies n\u00e9cessaires au fonctionnement du site. Ces cons\u00e9quences ne sauraient constituer un dommage et vous ne pourrez pr\u00e9tendre \u00e0 aucune indemnit\u00e9 de ce fait.<br><br><\/p>\n","protected":false},"excerpt":{"rendered":"<p>POLITIQUE DE CONFIDENTIALIT\u00c9 La pr\u00e9sente politique de confidentialit\u00e9 d\u00e9finit et vous informe de la mani\u00e8re dont Myriam Sermonne Schnoering utilise et prot\u00e8ge les informations que vous nous transmettez, le cas \u00e9ch\u00e9ant, lorsque vous utilisez le pr\u00e9sent site accessible \u00e0 partir de l\u2019URL suivante : maphotoboudoir.com (ci-apr\u00e8s le \u00ab Site \u00bb).Veuillez noter que cette politique de&#8230;<\/p>\n","protected":false},"author":1,"featured_media":0,"parent":0,"menu_order":0,"comment_status":"closed","ping_status":"closed","template":"","meta":{"_kadence_starter_templates_imported_post":false,"_kad_post_transparent":"","_kad_post_title":"","_kad_post_layout":"","_kad_post_sidebar_id":"","_kad_post_content_style":"","_kad_post_vertical_padding":"","_kad_post_feature":"","_kad_post_feature_position":"","_kad_post_header":false,"_kad_post_footer":false,"_kad_post_classname":"","footnotes":""},"class_list":["post-9833","page","type-page","status-publish","hentry"],"aioseo_notices":[],"_links":{"self":[{"href":"https:\/\/www.myriamphotographie.com\/blog\/wp-json\/wp\/v2\/pages\/9833","targetHints":{"allow":["GET"]}}],"collection":[{"href":"https:\/\/www.myriamphotographie.com\/blog\/wp-json\/wp\/v2\/pages"}],"about":[{"href":"https:\/\/www.myriamphotographie.com\/blog\/wp-json\/wp\/v2\/types\/page"}],"author":[{"embeddable":true,"href":"https:\/\/www.myriamphotographie.com\/blog\/wp-json\/wp\/v2\/users\/1"}],"replies":[{"embeddable":true,"href":"https:\/\/www.myriamphotographie.com\/blog\/wp-json\/wp\/v2\/comments?post=9833"}],"version-history":[{"count":1,"href":"https:\/\/www.myriamphotographie.com\/blog\/wp-json\/wp\/v2\/pages\/9833\/revisions"}],"predecessor-version":[{"id":9834,"href":"https:\/\/www.myriamphotographie.com\/blog\/wp-json\/wp\/v2\/pages\/9833\/revisions\/9834"}],"wp:attachment":[{"href":"https:\/\/www.myriamphotographie.com\/blog\/wp-json\/wp\/v2\/media?parent=9833"}],"curies":[{"name":"wp","href":"https:\/\/api.w.org\/{rel}","templated":true}]}}